= 38 - 8, -5*m = -4*d - g. Is 30/m*(-5442)/(-15) composite?
False
Let v = 23719 + 12690. Is v prime?
False
Let f(m) = 577*m**2 + 36*m + 313. Is f(-17) prime?
False
Let y(h) be the first derivative of 9*h**3 - 7*h**2/2 - 9*h - 130. Suppose -9 = -3*u - 5*o - 39, 5*o = -4*u - 35. Is y(u) composite?
False
Suppose 8*f = 5*f - 3*s - 33771, 0 = 4*f + 2*s + 45022. Let g = 18875 + f. Is g composite?
False
Suppose p - 5 = -n, -3*p + 27 = 2*p + 3*n. Suppose p*y - 41 = 49. Suppose -y*t = -11*t - 1948. Is t composite?
False
Is (-40034)/(-5*(-6)/5*(-19)/57) composite?
True
Let i(x) be the third derivative of 1063*x**5/60 - 11*x**4/24 + 5*x**3/6 - 2*x**2 - 6. Is i(-2) a composite number?
True
Suppose 0 = 7*z - 10*z + 44001. Suppose 5*g + 6223 = -z. Let j = -1075 - g. Is j a composite number?
True
Let y be (-12)/(-5) - 5*(-8)/(-100). Suppose -4*t = -y*t + 2*i - 378, 2*i = -4. Suppose -3*c - c = x - t, -4*c = 2*x - 402. Is x composite?
False
Suppose -25*d = -54*d + 151670. Suppose 0 = 8*s - 162 - d. Is s a prime number?
False
Let t be -6 + 22 + -7 - -3. Is (8/t)/(2/(-3)) + 6750 a prime number?
False
Suppose -8*l = -4*l - 120. Let f = -30 + l. Is 4212 - (3 + (f - (5 + -1))) composite?
True
Suppose 0 = 16*s - 6*s - 130. Suppose 0 = -8*v + s*v - 11605. Is v composite?
True
Suppose 5*x - 3*j = -2198, 0 + 4 = -j. Is 13/(x/4) + 177416/34 prime?
False
Let g(y) = 3*y**3 - 51*y**2 + 126*y + 2. Is g(27) prime?
False
Suppose 0 = -3*i + 3*d + 54801, -3*d = -4*i - 5*d + 73092. Suppose -3*h = -2198 - i. Is h composite?
False
Suppose -20 = a - 6*l + l, -3*l = a - 20. Suppose a*b = b + 6196. Suppose 3*u + 4*f = 4621, u - b = 3*f - 0*f. Is u a composite number?
False
Suppose 0 = 2952*f - 2970*f + 3294. Let z(c) = c**2 - 4*c - 6. Let h be z(6). Suppose h*w + f - 10341 = 0. Is w prime?
True
Suppose 2*y = p - 10, -6*y = -3*p - 3*y + 36. Suppose -p*b + 30 + 12 = 0. Suppose x + 2663 + 9911 = 5*u, 0 = -b*x + 3. Is u a composite number?
True
Let x = 379177 - 18298. Is x composite?
True
Let k be (6/(-4) + 1)*(-7 - 1). Suppose 0 = -2*p + k*p - 7574. Is p a prime number?
False
Suppose -36 = 4*i - 12. Let y = i + 8. Suppose -y*b = 6*b - 6088. Is b a prime number?
True
Let v be 1 + -342*(-16)/12. Let d(t) = -181*t**2 - 1 + v*t**2 - 2 + 4 + 6*t. Is d(2) prime?
True
Let w = 135 + -140. Is 3 + 2 - (-2999 - w) prime?
True
Let i = -2724 - -1617. Let l = i + 5030. Suppose -l = -3*n - 830. Is n prime?
True
Let u(h) = 10*h - 56. Let l be u(6). Suppose l*w - 12971 = -3*w. Is w a prime number?
False
Suppose -3*t - 1105704 = -3*j, 16 = -5*t + 11. Is j composite?
True
Suppose 240*m + 32 = 244*m. Suppose 5*j + 16 - 46 = 0. Is (-2 + 4/m)/(j/(-7604)) composite?
False
Suppose 13*o = -6*o + 19. Is (-50428)/(-42) + o/3 + 0 a composite number?
False
Let z = 47 - 103. Is (-48792)/z + (-4)/14 a composite number?
True
Let j(n) = -66*n**3 - 2*n**2 - 2*n - 126. Let h be j(-12). Let z = h - 60113. Is z a composite number?
True
Let h(n) = -931*n + 4. Let z be h(2). Let m be -5 - z - (-1 + 1). Suppose -4*c + 12993 - m = 0. Is c a composite number?
True
Let g be (265/4 - -1)/(55/660). Suppose 5*u + g = 3*o, 6*u - 252 = -o + 2*u. Suppose -2*p + 521 = -4*v + 7*v, -p + o = -2*v. Is p prime?
False
Suppose 2*n - 382 = 4876. Let l = n + -6473. Is -3 + l/(-24) + (-2)/12 prime?
True
Suppose 17600 = 4*a - 17*c + 16*c, -3*a + 5*c + 13217 = 0. Is a a composite number?
True
Let q = -112919 - -256362. Is q composite?
False
Suppose -5*a = 3*s - 15, 0 = -3*a + 4*s - 5 - 15. Suppose 5*o - 5*k + 39 = 4, a = -5*o - 5*k - 75. Let u = 1140 - o. Is u composite?
False
Let x(o) = -48*o**3 + 9*o**2 + 53*o**3 + 38*o**3 + 53 - 13*o. Is x(8) a prime number?
True
Let b = -36321 + 59780. Is b prime?
True
Let r = 23754 + 857. Is r a prime number?
True
Let d(i) = 261*i**2 + 87*i - 2651. Is d(38) a prime number?
False
Is (196887/(-15))/((3/(-30))/(7/14)) composite?
False
Suppose -10*q + 345526 = -32484. Is q a prime number?
False
Let y(h) = -68941*h - 4238. Is y(-7) composite?
True
Suppose -2*a = -a + 1, -3*q - 3*a - 9 = 0. Is 8 + q + (192*27 - -7) a prime number?
True
Suppose 0 = -17*q + 7*q. Is 10 + 9332 + (q - 5) a prime number?
True
Let m(u) = -25 + 25 + 3*u + 11. Let g be m(-7). Let t(r) = -90*r - 13. Is t(g) composite?
False
Suppose -3*u - 1 = -2*l + 5, 4*l + 4*u + 28 = 0. Let k be l/((-115)/25 + 4). Suppose 4*w - 4*v - 1296 = 0, 5*w = 3*v - k*v + 1613. Is w a prime number?
False
Is (235497804/(-306))/(2/(-3)) composite?
False
Suppose -8117*v - 2657187 = -8127*v + 4553. Is v composite?
True
Suppose 0 = -3*x + 161 - 188. Let u(r) = 53*r**2 - 17*r - 25. Is u(x) composite?
False
Suppose -9*c = -160 - 218. Suppose 37*o - 5*n = c*o - 54680, 2*o + 3*n = 21869. Is o composite?
False
Let d(t) = 2*t + 19. Let y be d(-7). Suppose -4*z + 59976 = 4*q - 3*z, 5*q - 74995 = y*z. Suppose 26*b = 31*b - q. Is b a prime number?
True
Suppose -z = 550 - 556. Suppose -2*f + z*f - 4652 = 0. Is f composite?
False
Is 310/93 + 2137173/9 a prime number?
True
Suppose -k = 3*k - 3*y - 57, 0 = 4*k + 4*y - 64. Suppose -9*s = -10*s + k. Is -1*(-2 + s/6)*-5414 prime?
True
Suppose -4*a + 16465 = 2853. Suppose -5*u + 862 = -a. Is u a prime number?
True
Let k = -41591 + 27735. Let r = k - -21205. Is r prime?
True
Suppose -9 = 3*p, -s - 3*p - p = 12. Let q be 1498/10 + 1/5. Suppose b - 4*l - 337 = s, -5*b = 5*l - q - 1410. Is b a prime number?
True
Suppose 22*t + 233 = -251. Is (-131505)/t - ((-2)/(-4) + 0) a composite number?
True
Let y = 70847 + -46530. Is y a composite number?
False
Let k be 532/(-114) - (1/3 + 0). Is 1/(k/(-6825)) - -6 composite?
True
Let r be (0 + 1)*6 - 3. Suppose p + 540 = -r*p. Let q = 74 - p. Is q prime?
False
Let b be (-3472)/(-10)*(-7 - -12). Suppose 3*a = -0*a + q + b, 2*q + 2318 = 4*a. Is a composite?
False
Let r(m) = -8774*m + 671. Is r(-15) composite?
True
Let x(w) = 96*w**3 + 5*w**2 - 158*w - 29. Is x(8) composite?
False
Is ((-4425832)/(-6))/((-42)/(-63))*1/2 prime?
True
Suppose 4*a = 3*u + 76994, 77042 = 4*a + 70*u - 65*u. Is a a composite number?
True
Suppose 0 = 151*g - 108*g - 173*g + 11195990. Is g prime?
False
Let c(l) = -l + 35. Let n be c(-34). Is 4989/(-4)*(-92)/n a composite number?
False
Is (-2680199)/(-11) + (2394/(-209))/(-21) a composite number?
True
Let j(o) = 24*o**2 - 8*o + 37. Let z(p) = -5*p + 38. Let s be z(5). Is j(s) composite?
False
Suppose 0 = 4*i + 5*o - 3338177, 19*o + 4172821 = 5*i + 11*o. Is i composite?
True
Let d(n) = -12 - 1 - n**3 - 3*n**2 + 2*n - 3*n**2. Let a(h) = 5*h**3 + 30*h**2 - 9*h + 66. Let b(v) = -2*a(v) - 11*d(v). Is b(6) a prime number?
True
Suppose 0 = -3*n - 4*t - 39585 + 1807424, 4*t = n - 589253. Is n a prime number?
True
Let l(o) = -o**3 + 0*o**3 - 12*o**2 + 0*o**3 + 30289 + 16*o**2 + 3*o. Is l(0) composite?
True
Suppose 245*u + 71634 = 239*u. Let p = u - -16792. Is p a composite number?
True
Suppose 2*n = i - 3*n - 20424, -61208 = -3*i - n. Suppose -17*y + i = 4203. Is y prime?
True
Is (-636074 - 6)/(-2) + -9 prime?
False
Suppose -x = 4*x + 2665. Suppose 0 = a + 10 + 196. Let m = a - x. Is m a prime number?
False
Let m = 11065 + -6265. Suppose 0 = 23*y - m - 373159. Is y composite?
False
Suppose -10*a = -5*a + b - 4787503, 3*b - 24 = 0. Is a composite?
False
Is (-2 - (-51)/21) + 3331884/42 + 2 prime?
True
Let c = 93 - 137. Let f be (-8)/c - (-276)/(-66). Is f/(20/(-1105)) - 3 a composite number?
True
Suppose -5221 = 2*z - 23710 - 44125. Is z composite?
False
Let k(m) = -m**3 - 19*m**2 - 12*m - 7. Suppose -7*j = -6*j - 16. Suppose -3*g = -4*p + 57, -22 - j = 2*g + p. Is k(g) prime?
False
Let b(q) = 2*q + 2. Let m be b(12). Let l(f) = f**2 + 20*f + 63. Is l(m) a prime number?
True
Let d = -101 - -103. Suppose -2256 = -d*s + 2*w, -w - 3363 = -3*s - 5*w. Suppose -s = -4*z + 47. Is z a prime number?
True
Let g(u) = 229813*u + 516. Is g(1) prime?
False
Suppose -138*p + 125*p = -569387. Is p a prime number?
False
Suppose -16*a + 15*a = 0. Is 2777 + 0 + 1*(0 - a) composite?
False
Suppose -q = p + 20452 - 197334, -2*q = 4*p - 353754. Is q a prime number?
True
Let l = -344486 + 874965. Is l composite?
True
Suppose 125*f = -0*f + 13568028 - 2394403. Is f composite?
True
Let l = 97277 + -7114. Is l prime?
True
Let z be (-7 - -11)/((-6)/(-15)). Is (-14855)/z*(-3 + (-4 - -5)) composite?
False
Suppose 11*z 